*l. Calculate m(-6).
-1
Let s(w) = 2*w**2 - 7*w - 7. Let q = -10 + -38. Let l = 54 + q. Determine s(l).
23
Let w(l) = -18*l**2 + 4 - 3 + 1 - 3 + 13*l**2. Suppose 3*u = -2*u - 5. Determine w(u).
-6
Suppose -3*x + 5 = 2*m, -6*m = -3*m - x - 13. Suppose m*f - 5*f - 11 = y, 3*f + 13 = y. Let s(l) = -l**2 - 6*l - 6. Determine s(f).
-6
Let s(z) = -7*z**2 - 3*z + 4. Let p(u) = -20*u**2 - 9*u + 12. Let b be -4 + 4 + -1 + -3. Let k = -10 - b. Let o(r) = k*p(r) + 17*s(r). Calculate o(-5).
6
Let r(g) = -g**3 + 4*g**2 + 7*g - 2. Suppose -2*t + 18 = -4*t. Let x(u) = u + 17. Let d be x(t). Suppose 8 = 4*j + 4*m - d, -4*j + 19 = m. Give r(j).
8
Let x = -17 + 19. Suppose -y = -2*y + x. Suppose -2*p + 5 = -5*i + 39, 0 = -3*i - y*p + 14. Let r(t) = t - 3. Give r(i).
3
Let o(d) be the third derivative of d**8/20160 + d**7/720 + d**6/90 - 2*d**5/15 + 7*d**2. Let p(j) be the third derivative of o(j). Let c = -3 - 3. Give p(c).
2
Let y = -54 - -20. Let j = 41 + y. Let a(k) = -k**2 + 8*k - 5. Determine a(j).
2
Let s be 8/10 - (-15)/75. Let g(i) = -7*i + 1. Calculate g(s).
-6
Let s(c) = 4*c - 65. Let x(u) = -8*u + 129. Let m(g) = 11*s(g) + 6*x(g). Calculate m(17).
-9
Let j(a) = -5*a**2 + 10*a - 3. Let l(f) = 4*f**2 - 9*f + 3. Let u(o) = 6*j(o) + 7*l(o). What is u(-3)?
-6
Let m(o) = -9*o + 5. Let k(d) be the third derivative of -7*d**4/6 + 8*d**3/3 + 11*d**2. Let v(a) = 5*k(a) - 16*m(a). Calculate v(3).
12
Let i(d) be the second derivative of -3*d - 2*d**3 - 19*d + d**3 - 2*d. What is i(-1)?
6
Suppose 8*x + 59 = 259. Let c = x + -17. Let d(q) = -q + 16. Calculate d(c).
8
Let v(h) = 41*h**3 - 12*h - 19*h**3 - 23*h**3 + 5 - 13*h**2. Let f be v(-12). Let a(c) = c - 3. Give a(f).
2
Let i(s) = 2*s - 3. Let h(v) = v - 1. Let z(t) = -13*h(t) + 6*i(t). Let u(a) be the first derivative of -4*a - 60. Let k(r) = 6*u(r) - 5*z(r). Determine k(2).
11
Let m(p) = p + 6. Let v(d) be the second derivative of -d**3/6 + d**2/2 - 9*d. Let s be v(-4). Calculate m(s).
11
Suppose -3*l - 10 = -46. Suppose 0 = 5*d + 2*a + 37, 4*a + l = -5*d - 17. Let q(m) = -m**2 - 9*m + 2. Determine q(d).
2
Let c(t) = 6*t**2 + 3*t + 2. Let q(f) = 10*f**2 + 7*f + 5. Let z(h) = 5*c(h) - 2*q(h). What is z(1)?
11
Let p(n) be the third derivative of -n**6/60 + n**5/20 + n**4/24 + n**3/6 - 65*n**2 + 2. Calculate p(3).
-23
Let l(z) be the third derivative of -z**6/120 + z**5/5 - 5*z**4/12 - 5*z**3/2 - 42*z**2 - 2. Determine l(11).
-4
Let b(h) = h**2 + 9*h - 1. Let a be b(-8). Let u be (-6)/27 + (-38)/a. Let l(w) be the first derivative of -w**4/4 + 5*w**3/3 - 2*w**2 + 3*w + 2. What is l(u)?
3
Let t(y) = y**2 + 1. Let u(o) = -7*o**2 - 6. Let p(g) = -6*t(g) - u(g). Calculate p(6).
36
Suppose -4*j + 2*r = -4, -4*j + 0*j - 5*r + 18 = 0. Let v(i) = 6*i**2 - 1 + 8*i**2 + 9*i + i**3 - 4*i**j. Determine v(-9).
-1
Let w(m) be the second derivative of -5*m + 0*m**2 - 1/6*m**3 - 1/3*m**4 + 0 - 1/20*m**5. What is w(-3)?
-6
Let w(l) = l**2 - 9*l + 5. Let y = -46 + 74. Let q be (3/(-1))/((-12)/y). Determine w(q).
-9
Let u(j) = -22*j**3 - 2*j**2 + j. Let q = -475 - -476. Calculate u(q).
-23
Let q(j) = -9*j**3 - 3*j**2 - j. Let x(t) be the first derivative of t**4/4 - t**3/3 - 13. Let b(c) = q(c) - 3*x(c). Determine b(-1).
13
Let y be (-5 + 91/14)/(6/4). Let m(a) = -13*a**3 - a**2 + a. Give m(y).
-13
Let j(c) be the first derivative of c**5/30 - c**4/6 - c**3/6 + 9*c**2/2 + 10. Let z(v) be the second derivative of j(v). What is z(4)?
15
Let k = 675 + -675. Let g(y) be the third derivative of 1/120*y**6 + y**2 + k + 0*y - 1/20*y**5 - 1/6*y**3 - 1/8*y**4. Determine g(3).
-10
Let r(t) = -t**2 + 9*t + 3. Suppose 5*y - 34 = 16. What is r(y)?
-7
Let n be -1 + 0 + 1 - 0. Let a(b) be the third derivative of -b**5/60 - b**4/24 + 7*b**3/6 - 54*b**2. What is a(n)?
7
Let f(m) = 4*m**2 - 7*m. Let s(l) = 5*l**2 - 7*l - 1. Let n(b) = 4*f(b) - 3*s(b). Let i(o) = 7*o + 199. Let p be i(-28). Determine n(p).
-9
Let u(h) be the second derivative of h**6/120 + h**5/30 - h**2/2 - 17*h. Let o(b) be the first derivative of u(b). Determine o(-2).
0
Suppose 3*r - 4 + 1 = 0. Let y = 2 + r. Let l(q) = -q**2 + 5*q - 2. Let c be l(y). Let s(h) = h**3 - 4*h**2 - 2*h + 5. Calculate s(c).
-3
Suppose 2*o + 5 = 7*o. Let d(n) = 6*n - 1. Let p be d(o). Let u(b) = -81931*b + 0*b**3 + 5*b**2 + 81931*b - b**3 - 4. What is u(p)?
-4
Let s(y) = 4 - 13*y + 14*y + 1. Suppose -33 = -3*q + 3*c + 6, 2*c - 14 = -2*q. Give s(q).
15
Suppose 0 = 2*o, -2*v - o = -3*v + 5. Let y = 25 + -14. Suppose -v*p - 1 = -y. Let z(a) = -2*a**3 + a**2 + 3*a - 1. Give z(p).
-7
Let m = -415 - -418. Let z(r) = r - 1 - 5 + 2. What is z(m)?
-1
Suppose -28*b - 176 = -6*b. Let i(u) = -u**2 - 9*u - 14. Give i(b).
-6
Let u be 30/(-75) + (-448)/5 - 2. Let k = -88 - u. Let s(i) = -i**3 + 3*i**2 + i + 1. Calculate s(k).
-11
Suppose -9*v - 58 = 32. Let p(b) = -8*b**2 + 41*b - 26. Let r(c) = 3*c**2 - 14*c + 9. Let f(k) = 4*p(k) + 11*r(k). Give f(v).
-5
Let p(w) be the second derivative of -w**5/20 + 11*w**4/12 - w**3/3 + 15*w**2/2 - 9*w + 8. Calculate p(11).
-7
Let l(r) = r**3 + 8*r**2 - 9*r + 3. Let s be l(-9). Let p(i) = 8*i - s + 10 + i**2 - 3*i - 2*i**2. Let b be 0 + (2 - (-3 - 1)). Give p(b).
1
Let l(h) = 3 + 4 - h**2 - 9*h - 5. Let n be l(-9). Let s(j) = -14*j + 2 - 4*j**n + 11*j + 8*j**2. Calculate s(2).
12
Let t = -1 + 1. Let d(z) be the third derivative of 0*z + 0 - 69*z**2 - 13/6*z**3 + 1/24*z**4. Determine d(t).
-13
Let b(g) = g**3 - 16*g**2 + 14*g + 15. Let h be b(15). Let p(x) = -x**2 - x. Let r be p(h). Let u(i) = i + 5. Calculate u(r).
5
Let a(d) = 9 - 12*d**2 + 12*d**2 + d**3. Let q = -33 + 33. What is a(q)?
9
Let g(q) = -2*q + 158 + 77 - 244. Determine g(-6).
3
Let l(a) = -13 - 2*a + 4*a**3 + 2*a**3 - 4*a**3 - 6*a**3 + 3*a**3 - 10*a**2. Calculate l(-10).
7
Let g(p) = 8*p - 6*p - 3*p + 1. Let b = -5 - -9. Calculate g(b).
-3
Let b be ((-4)/5)/(1/(-5)). Suppose -i = 3*w + 13, -25 = -5*i - w + b*w. Let h(c) be the third derivative of -c**4/6 - 4*c**2. Give h(i).
-8
Let j be 18/5*(-500)/(-300). Let f(n) = -2 + n**2 - 3*n + 3*n. Let i(m) = -2*m**2 + m + 4. Let v(q) = 5*f(q) + 3*i(q). What is v(j)?
-16
Let x(k) be the first derivative of -k**3/3 + 5*k**2/2 - 3*k - 20. Calculate x(5).
-3
Let r(l) = -l**2 - 8*l + 1. Let g(i) = -6*i + 12. Let q be g(3). Let z(y) = 2*y**2 + 15*y - 2. Let t(k) = q*z(k) - 11*r(k). Determine t(-6).
-23
Let g be (-1)/4 + (-1687)/(-28) + -2. Let c = 54 - g. Let q(w) = -6*w**2 - w - 9. Let t(z) = -5*z**2 - 2*z - 8. Let p(y) = -4*q(y) + 5*t(y). Give p(c).
4
Let v(h) = -h**3 + 9*h**2 + 6*h + 10. Let o be v(10). Let r be 12/o + (-2)/(-5). Suppose q = -r*q. Let y(b) = b**2 + 5. Determine y(q).
5
Let i(y) be the second derivative of 0 - 2*y**2 - 15*y - 2/3*y**3. What is i(-4)?
12
Let d = 13 + -8. Suppose 128 + 147 = -d*w. Let h be 4/(-10) + (-77)/w. Let v(r) = -9*r**3 + r**2 + r - 1. What is v(h)?
-8
Let b = -133 - -139. Let o(z) = -z**3 - 7*z**2 + 8*z + 8. Let g(r) = -5*r**3 - 28*r**2 + 33*r + 32. Let u(h) = -2*g(h) + 9*o(h). Determine u(b).
8
Let o(a) = -a**2 + 3*a + 3. Suppose -2 = -f - q - 4, -f + 5*q = -22. What is o(f)?
5
Let q(h) = 5*h**2 - 17*h + 12. Let o(a) = -14*a**2 + 51*a - 34. Let r(c) = -4*o(c) - 11*q(c). What is r(17)?
4
Let y be (3 - 2)/((-5)/(-10)). Let o(t) = 3*t - 2*t**2 - 2*t**2 + y*t + t**3 - 6*t. Suppose -3*m + 13 = 1. What is o(m)?
-4
Let x(i) be the third derivative of -1/12*i**4 + 0*i - 1/3*i**3 + 0 - 1/60*i**5 - 1/120*i**6 - i**2. Suppose -h - 14 = -3*l, -4*h + 3*l - 16 = 4. Give x(h).
6
Let l(n) = -5*n. Suppose -p + 8 = -2*h + 23, -4*h = 2*p - 34. Suppose h*s = 7*s + 2. Let t(d) = d - 1. Let i(v) = s*t(v) + l(v). What is i(3)?
-11
Let i = -4649 - -4644. Let g(f) = 4*f - 3*f**2 + 4*f**2 + 0*f**2. What is g(i)?
5
Let f(i) = -2*i - 12. Suppose -28 = 12*a + 56. Calculate f(a).
2
Let h(z) = z. Let b(s) = s**2 + 6*s - 9. Let g(p) = b(p) + h(p). What is g(-5)?
-19
Let h(g) = g**3 - 2*g**2 - 1. Let n(o) = 3*o**3. Suppose 4*y = 0, 0 = 4*b + 2*y + 3*y - 4. Let x be n(b). What is h(x)?
8
Suppose -22 = 2*p + 9*s - 5*s, 0 = -5*p - 5*s - 40. Let h(z) = -5*z**2 + 11*z. Let u(c) = 4*c**2 - 10*c + 1. Let g(q) = 5*h(q) + 6*u(q). Determine g(p).
6
Let u(g) = 2*g - 1. Let h(b) = 9*b + 2. Let f(t) = -h(t) + 5*u(t). Give f(6).
-1
Let x(l) = -6*l + 4. Suppose -z - g - 4 = 